{"id":43,"date":"2020-07-07T21:20:58","date_gmt":"2020-07-07T21:20:58","guid":{"rendered":"https:\/\/franglhof.futurehosting.at\/?page_id=43"},"modified":"2025-08-18T07:47:14","modified_gmt":"2025-08-18T07:47:14","slug":"preise","status":"publish","type":"page","link":"https:\/\/franglhof.at\/index.php\/preise\/","title":{"rendered":"Preise"},"content":{"rendered":"\n<p>Unsere Appartements sind liebevoll gestaltetet und alle mit Dusche\/WC, Satelliten-TV ausgestattet und besitzen einen Balkon. Kostenfreier WLAN-Zugang ist vorhanden.<\/p>\n\n\n\n<figure class=\"wp-block-table\"><table><tbody><tr><td>Preis\/Tag<\/td><td class=\"has-text-align-center\" data-align=\"center\">Personen<\/td><td class=\"has-text-align-center\" data-align=\"center\">Sommer 24<\/td><td class=\"has-text-align-center\" data-align=\"center\">Winter 24\/25<\/td><\/tr><tr><td>Appartement Hohe Salve<\/td><td class=\"has-text-align-center\" data-align=\"center\">2 Personen<\/td><td class=\"has-text-align-center\" data-align=\"center\">\u20ac 80,&#8211;<\/td><td class=\"has-text-align-center\" data-align=\"center\">\u20ac 100,&#8211;<\/td><\/tr><tr><td>Appartement Fleckalm<\/td><td class=\"has-text-align-center\" data-align=\"center\">2 Personen<\/td><td class=\"has-text-align-center\" data-align=\"center\">\u20ac 90,&#8211;<\/td><td class=\"has-text-align-center\" data-align=\"center\">\u20ac 110,&#8211;<\/td><\/tr><tr><td>Appartement Gaisberg<\/td><td class=\"has-text-align-center\" data-align=\"center\">2 Personen<\/td><td class=\"has-text-align-center\" data-align=\"center\">\u20ac 100,&#8211;<\/td><td class=\"has-text-align-center\" data-align=\"center\">\u20ac 140,&#8211;<\/td><\/tr><tr><td><\/td><td class=\"has-text-align-center\" data-align=\"center\">3 Personen<\/td><td class=\"has-text-align-center\" data-align=\"center\">\u20ac 110,&#8211;<\/td><td class=\"has-text-align-center\" data-align=\"center\">\u20ac 155,&#8211;<\/td><\/tr><tr><td><\/td><td class=\"has-text-align-center\" data-align=\"center\">4 Personen<\/td><td class=\"has-text-align-center\" data-align=\"center\">\u20ac 120,&#8211;<\/td><td class=\"has-text-align-center\" data-align=\"center\">\u20ac 170,&#8211;<\/td><\/tr><\/tbody><\/table><figcaption class=\"wp-element-caption\">Preise beziehen sich auf den Aufenthalt von 7 N\u00e4chten inkl. MwSt. Bei k\u00fcrzeren Aufenthalten kann sich der Preis erh\u00f6hen. Appartementpreise sind pro Appartement, keine t\u00e4gliche Reinigung, ohne Fr\u00fchst\u00fcck, zzgl. Endreinigung.<\/figcaption><\/figure>\n\n\n\n<figure class=\"wp-block-table\"><table><tbody><tr><td>Endreinigung<\/td><td class=\"has-text-align-center\" data-align=\"center\">2 Personen<\/td><td class=\"has-text-align-center\" data-align=\"center\">3 Personen<\/td><td class=\"has-text-align-center\" data-align=\"center\">4 Personen<\/td><\/tr><tr><td>Appartement Hohe Salve<\/td><td class=\"has-text-align-center\" data-align=\"center\">\u20ac 30,&#8211;<\/td><td class=\"has-text-align-center\" data-align=\"center\"><\/td><td class=\"has-text-align-center\" data-align=\"center\"><\/td><\/tr><tr><td>Appartement Fleckalm<\/td><td class=\"has-text-align-center\" data-align=\"center\">\u20ac 35,&#8211;<\/td><td class=\"has-text-align-center\" data-align=\"center\"><\/td><td class=\"has-text-align-center\" data-align=\"center\"><\/td><\/tr><tr><td>Appartement Gaisberg<\/td><td class=\"has-text-align-center\" data-align=\"center\">\u20ac 40,&#8211;<\/td><td class=\"has-text-align-center\" data-align=\"center\">\u20ac 45,&#8211;<\/td><td class=\"has-text-align-center\" data-align=\"center\">\u20ac 50,&#8211;<\/td><\/tr><\/tbody><\/table><\/figure>\n\n\n\n<figure class=\"wp-block-table\"><table><tbody><tr><td>Kurtaxe \u20ac 3,50 pro Person pro Tag (ab 15 Jahren)<\/td><\/tr><\/tbody><\/table><\/figure>\n\n\n\n<p><\/p>\n","protected":false},"excerpt":{"rendered":"<p>Unsere Appartements sind liebevoll gestaltetet und alle mit Dusche\/WC, Satelliten-TV ausgestattet und besitzen einen Balkon. Kostenfreier WLAN-Zugang ist vorhanden. Preis\/Tag Personen Sommer 24 Winter 24\/25 Appartement Hohe Salve 2 Personen \u20ac 80,&#8211; \u20ac 100,&#8211; Appartement Fleckalm 2 Personen \u20ac 90,&#8211; \u20ac 110,&#8211; Appartement Gaisberg 2 Personen \u20ac 100,&#8211; \u20ac 140,&#8211; 3 Personen \u20ac 110,&#8211; \u20ac &hellip; <\/p>\n<p class=\"link-more\"><a href=\"https:\/\/franglhof.at\/index.php\/preise\/\" class=\"more-link\"><span class=\"screen-reader-text\">\u201ePreise\u201c <\/span>weiterlesen<\/a><\/p>\n","protected":false},"author":1,"featured_media":0,"parent":0,"menu_order":0,"comment_status":"closed","ping_status":"closed","template":"","meta":{"ngg_post_thumbnail":0,"footnotes":""},"class_list":["post-43","page","type-page","status-publish","hentry"],"yoast_head":"<!-- This site is optimized with the Yoast SEO plugin v27.5 - https:\/\/yoast.com\/product\/yoast-seo-wordpress\/ -->\n<title>Preise - Pension Franglhof<\/title>\n<meta name=\"robots\" content=\"index, follow, max-snippet:-1, max-image-preview:large, max-video-preview:-1\" \/>\n<link rel=\"canonical\" href=\"https:\/\/franglhof.at\/index.php\/preise\/\" \/>\n<meta property=\"og:locale\" content=\"de_DE\" \/>\n<meta property=\"og:type\" content=\"article\" \/>\n<meta property=\"og:title\" content=\"Preise - Pension Franglhof\" \/>\n<meta property=\"og:description\" content=\"Unsere Appartements sind liebevoll gestaltetet und alle mit Dusche\/WC, Satelliten-TV ausgestattet und besitzen einen Balkon. Kostenfreier WLAN-Zugang ist vorhanden. Preis\/Tag Personen Sommer 24 Winter 24\/25 Appartement Hohe Salve 2 Personen \u20ac 80,&#8211; \u20ac 100,&#8211; Appartement Fleckalm 2 Personen \u20ac 90,&#8211; \u20ac 110,&#8211; Appartement Gaisberg 2 Personen \u20ac 100,&#8211; \u20ac 140,&#8211; 3 Personen \u20ac 110,&#8211; \u20ac &hellip; \u201ePreise\u201c weiterlesen\" \/>\n<meta property=\"og:url\" content=\"https:\/\/franglhof.at\/index.php\/preise\/\" \/>\n<meta property=\"og:site_name\" content=\"Pension Franglhof\" \/>\n<meta property=\"article:modified_time\" content=\"2025-08-18T07:47:14+00:00\" \/>\n<meta name=\"twitter:card\" content=\"summary_large_image\" \/>\n<meta name=\"twitter:label1\" content=\"Gesch\u00e4tzte Lesezeit\" \/>\n\t<meta name=\"twitter:data1\" content=\"1\u00a0Minute\" \/>\n<script type=\"application\/ld+json\" class=\"yoast-schema-graph\">{\"@context\":\"https:\\\/\\\/schema.org\",\"@graph\":[{\"@type\":\"WebPage\",\"@id\":\"https:\\\/\\\/franglhof.at\\\/index.php\\\/preise\\\/\",\"url\":\"https:\\\/\\\/franglhof.at\\\/index.php\\\/preise\\\/\",\"name\":\"Preise - Pension Franglhof\",\"isPartOf\":{\"@id\":\"https:\\\/\\\/franglhof.at\\\/#website\"},\"datePublished\":\"2020-07-07T21:20:58+00:00\",\"dateModified\":\"2025-08-18T07:47:14+00:00\",\"breadcrumb\":{\"@id\":\"https:\\\/\\\/franglhof.at\\\/index.php\\\/preise\\\/#breadcrumb\"},\"inLanguage\":\"de\",\"potentialAction\":[{\"@type\":\"ReadAction\",\"target\":[\"https:\\\/\\\/franglhof.at\\\/index.php\\\/preise\\\/\"]}]},{\"@type\":\"BreadcrumbList\",\"@id\":\"https:\\\/\\\/franglhof.at\\\/index.php\\\/preise\\\/#breadcrumb\",\"itemListElement\":[{\"@type\":\"ListItem\",\"position\":1,\"name\":\"Home\",\"item\":\"https:\\\/\\\/franglhof.at\\\/\"},{\"@type\":\"ListItem\",\"position\":2,\"name\":\"Preise\"}]},{\"@type\":\"WebSite\",\"@id\":\"https:\\\/\\\/franglhof.at\\\/#website\",\"url\":\"https:\\\/\\\/franglhof.at\\\/\",\"name\":\"Pension Franglhof\",\"description\":\"\",\"potentialAction\":[{\"@type\":\"SearchAction\",\"target\":{\"@type\":\"EntryPoint\",\"urlTemplate\":\"https:\\\/\\\/franglhof.at\\\/?s={search_term_string}\"},\"query-input\":{\"@type\":\"PropertyValueSpecification\",\"valueRequired\":true,\"valueName\":\"search_term_string\"}}],\"inLanguage\":\"de\"}]}<\/script>\n<!-- \/ Yoast SEO plugin. -->","yoast_head_json":{"title":"Preise - Pension Franglhof","robots":{"index":"index","follow":"follow","max-snippet":"max-snippet:-1","max-image-preview":"max-image-preview:large","max-video-preview":"max-video-preview:-1"},"canonical":"https:\/\/franglhof.at\/index.php\/preise\/","og_locale":"de_DE","og_type":"article","og_title":"Preise - Pension Franglhof","og_description":"Unsere Appartements sind liebevoll gestaltetet und alle mit Dusche\/WC, Satelliten-TV ausgestattet und besitzen einen Balkon. Kostenfreier WLAN-Zugang ist vorhanden. Preis\/Tag Personen Sommer 24 Winter 24\/25 Appartement Hohe Salve 2 Personen \u20ac 80,&#8211; \u20ac 100,&#8211; Appartement Fleckalm 2 Personen \u20ac 90,&#8211; \u20ac 110,&#8211; Appartement Gaisberg 2 Personen \u20ac 100,&#8211; \u20ac 140,&#8211; 3 Personen \u20ac 110,&#8211; \u20ac &hellip; \u201ePreise\u201c weiterlesen","og_url":"https:\/\/franglhof.at\/index.php\/preise\/","og_site_name":"Pension Franglhof","article_modified_time":"2025-08-18T07:47:14+00:00","twitter_card":"summary_large_image","twitter_misc":{"Gesch\u00e4tzte Lesezeit":"1\u00a0Minute"},"schema":{"@context":"https:\/\/schema.org","@graph":[{"@type":"WebPage","@id":"https:\/\/franglhof.at\/index.php\/preise\/","url":"https:\/\/franglhof.at\/index.php\/preise\/","name":"Preise - Pension Franglhof","isPartOf":{"@id":"https:\/\/franglhof.at\/#website"},"datePublished":"2020-07-07T21:20:58+00:00","dateModified":"2025-08-18T07:47:14+00:00","breadcrumb":{"@id":"https:\/\/franglhof.at\/index.php\/preise\/#breadcrumb"},"inLanguage":"de","potentialAction":[{"@type":"ReadAction","target":["https:\/\/franglhof.at\/index.php\/preise\/"]}]},{"@type":"BreadcrumbList","@id":"https:\/\/franglhof.at\/index.php\/preise\/#breadcrumb","itemListElement":[{"@type":"ListItem","position":1,"name":"Home","item":"https:\/\/franglhof.at\/"},{"@type":"ListItem","position":2,"name":"Preise"}]},{"@type":"WebSite","@id":"https:\/\/franglhof.at\/#website","url":"https:\/\/franglhof.at\/","name":"Pension Franglhof","description":"","potentialAction":[{"@type":"SearchAction","target":{"@type":"EntryPoint","urlTemplate":"https:\/\/franglhof.at\/?s={search_term_string}"},"query-input":{"@type":"PropertyValueSpecification","valueRequired":true,"valueName":"search_term_string"}}],"inLanguage":"de"}]}},"jetpack_sharing_enabled":true,"_links":{"self":[{"href":"https:\/\/franglhof.at\/index.php\/wp-json\/wp\/v2\/pages\/43","targetHints":{"allow":["GET"]}}],"collection":[{"href":"https:\/\/franglhof.at\/index.php\/wp-json\/wp\/v2\/pages"}],"about":[{"href":"https:\/\/franglhof.at\/index.php\/wp-json\/wp\/v2\/types\/page"}],"author":[{"embeddable":true,"href":"https:\/\/franglhof.at\/index.php\/wp-json\/wp\/v2\/users\/1"}],"replies":[{"embeddable":true,"href":"https:\/\/franglhof.at\/index.php\/wp-json\/wp\/v2\/comments?post=43"}],"version-history":[{"count":14,"href":"https:\/\/franglhof.at\/index.php\/wp-json\/wp\/v2\/pages\/43\/revisions"}],"predecessor-version":[{"id":1980,"href":"https:\/\/franglhof.at\/index.php\/wp-json\/wp\/v2\/pages\/43\/revisions\/1980"}],"wp:attachment":[{"href":"https:\/\/franglhof.at\/index.php\/wp-json\/wp\/v2\/media?parent=43"}],"curies":[{"name":"wp","href":"https:\/\/api.w.org\/{rel}","templated":true}]}}